n 75 is divided by g(-7).
5
Let y(w) = 2*w**3 - 5*w**2 - 5*w + 4. Suppose -20*s + 540 = -1760. What is the remainder when s is divided by y(4)?
19
Let v be 548/8*-2 - 5/(-1). Let a = v + 147. Calculate the remainder when 69 is divided by a.
9
Let u(c) = c**3 - 31*c**2 - 31*c + 12. Calculate the remainder when 166 is divided by u(32).
34
Suppose 0 = 2*n - 3*n. Suppose v - 3*v + 16 = n. Suppose -4*w + 25 = 3*j - 0*w, -45 = -2*j + 3*w. What is the remainder when j is divided by v?
7
Suppose 5*l + 26 = j, -4*j - 3*l + 104 = 2*l. Suppose 5*r = 4*i - 596 + 1496, 0 = 4*r + 3*i - 689. What is the remainder when r is divided by j?
20
Suppose -295*y + 297*y = 5*t - 2515, -t + 526 = -5*y. Calculate the remainder when t is divided by 29.
8
Suppose 2145 = -13*f - 572. Let h = f + 238. Let p = -59 + 109. Calculate the remainder when p is divided by h.
21
Suppose 0 = -2*m + 2, -1027 = -4*v - 5*m + 2*m. Suppose 660 = -246*t + v*t. Let i = 12 - -22. Calculate the remainder when t is divided by i.
32
Let j(d) = 1033*d**3 - 2*d + 2. What is the remainder when j(2) is divided by 57?
54
Suppose 5*j = -121 - 249. Let b = j - -72. Calculate the remainder when 81 is divided by 46 + (b - (-3)/(-3)).
38
Let h be (-1 + 2)/((-44)/22)*0. Suppose 4*z - 3*b - 414 = h, -16 = 3*b - 10. Calculate the remainder when z is divided by 21.
18
Let f be 12*(-3)/48*-4. Suppose f*a = -4*i + 79, -i + 0*i - 2 = 0. Suppose -25*w - 16 = -27*w. What is the remainder when a is divided by w?
5
Suppose -7*w + 12*w = -s - 238, -2*s + 52 = -w. Let d be 5 + -2 - 70/10. What is the remainder when 143 is divided by 9/d + 2 - 1788/w?
32
Let x = 203 - 346. Let y = x + 183. Let s(t) = -t**3 + 10*t**2 + t + 6. What is the remainder when s(6) is divided by y?
36
Let j = -1129 + 1470. What is the remainder when j is divided by 25?
16
Let l = -4200 - -5283. What is the remainder when l is divided by 355?
18
Let l be 6/(1 - -2 - 1). What is the remainder when -2 - 469/14*(1 - l) is divided by 18?
11
Let b = 6277 + -6192. What is the remainder when 219 is divided by b?
49
Let d = 40 - 1. Let i = 861 - 856. Suppose 2*r - 32 = i*l, 2*l = -r + 6*l + 19. Calculate the remainder when d is divided by r.
6
Let d = 221 + -118. Suppose 0 = j - 1, -275*j + 533 = 3*s - 270*j. Let m = s - d. What is the remainder when m is divided by 25?
23
Suppose 5*n = -2*p + 256, 4*n - 4*p + p = 214. Suppose 358*z = 362*z - n. Calculate the remainder when 4*-1*(-51)/4 is divided by z.
12
Suppose 82*r = 92*r - 880. Calculate the remainder when 6682 is divided by r.
82
Suppose -11*u = 2*u + 481. Let r(o) = o**2 - o + 5. Let g be r(-7). Let w = u + g. Calculate the remainder when 119 is divided by w.
23
Suppose -8*u = 1 - 1. Suppose u = -5*h - 4*n + 130, 2*h - 2*n + 50 = 4*h. Calculate the remainder when 149 is divided by h.
29
Let p(d) = d**2 - d + 107. Suppose o - 56 = -79. What is the remainder when p(o) is divided by 44?
43
Let n = -20 - -27. Let p be (-2)/n + (-1240)/(-28). Let y = p + -40. Calculate the remainder when 13 is divided by y.
1
Let o = -640 - -640. Suppose -12*z - 9 + 57 = o. Let r = -7 + 10. What is the remainder when z is divided by r?
1
Let o(u) = -4*u + 34 - 6 + 7 - 6*u. Let q be o(-6). What is the remainder when q/10*(-2 + 4) is divided by 12?
7
Let z = 4 - -13. Calculate the remainder when ((-98)/(-56))/(7/4340*5) is divided by z.
13
Let y(o) = -1 + 17*o + 10 - 2. Suppose -2*d - 5*r = -34, -4*d + 5*r + 85 = 47. Calculate the remainder when y(8) is divided by d.
11
Let u(q) = q**3 + 6*q**2 + 4*q + 1. Let b be (-5)/(-20) + (-34)/8. Let n(j) = -2214*j - 19864. Calculate the remainder when n(-9) is divided by u(b).
11
Let w = 48 + -44. Let r(b) = -5*b + 25. Let o be r(w). Suppose -g - 2*g = -2*j - 41, 4*j = o*g - 65. What is the remainder when g is divided by 10?
7
Let l = -17024 + 17071. Calculate the remainder when 1186 is divided by l.
11
Let a(m) = -m**3 + m**2 - 7*m - 1. Let z be a(-3). Let n = z - 61. Let u(s) = s**3 + 5*s**2 - 4*s. Calculate the remainder when u(n) is divided by 8.
4
Let x(b) = 118*b + 15245. Calculate the remainder when x(-35) is divided by 14.
13
Let q(x) = 548*x - 6965. What is the remainder when q(15) is divided by 181?
169
Let j(i) = i**3 - 34*i**2 + 2*i - 61. Let k be j(34). What is the remainder when 1817 is divided by (20/k)/((-54)/(-378))?
17
Let i = -6825 - -10995. What is the remainder when i is divided by 7?
5
Let s(h) = -h + 8. Let y(v) = 7*v + 47. Let q be y(-7). Let k be s(q). Calculate the remainder when k/(-15) - (-100)/6 is divided by 6.
4
Suppose -2 = -o, 451 = 5*j - 2*o + 1400. Let a = j - -236. Calculate the remainder when 138 is divided by a.
44
Suppose -5*v + 58385 = -s, -212*v = -215*v - 3*s + 35049. Calculate the remainder when v is divided by 32.
30
Suppose 0 = -0*j - j - 3. Suppose 0 = -11*h + h + 440. What is the remainder when 4 + (-166)/6*j is divided by h?
43
Suppose -2*w + 46 = f - 27, 0 = 2*f - 6. Suppose 0 = w*l - 37*l + 76. What is the remainder when 104 is divided by l?
28
Suppose 13 + 11 = -3*o - 3*f, -5*o = 3*f + 46. Let t = 17 - o. What is the remainder when (-21504)/(-399) + 4/38 is divided by t?
26
Let i(w) = 1 - 2*w + 0*w**2 - 4*w**2 + 3*w**2 + 0*w**2 - 3*w**3 + 10*w**3. Calculate the remainder when 57 is divided by i(1).
2
Suppose 29*w + 39*w - 884146 = 15*w. Calculate the remainder when w is divided by 172.
170
Let q = -767 - -767. Suppose 36 = 5*f - 2*o, 4*f + o + 2 - 23 = q. What is the remainder when f is divided by 5?
1
What is the remainder when 426 is divided by 38*(-5 - 17/(-2))?
27
Suppose -14 = 3*m + 40. Let d = 8 - m. What is the remainder when d is divided by 6 + -1 + 1*4?
8
Suppose -10*l - 13*l + 782 = 0. Let i be (-9 - -5)*(-1 - -3). Let y(k) = k**3 + 9*k**2 + 8*k + 12. Calculate the remainder when l is divided by y(i).
10
Let j = -10022 - -13815. Calculate the remainder when j is divided by 11.
9
Suppose -5*b - 4*b = -108. Suppose b*q + 5*c - 51 = 10*q, -q = c - 27. What is the remainder when q is divided by 8?
4
Suppose 0 = -2*q + 20. Suppose 0 = 4*t + 85 + 7. Let w = t - -28. What is the remainder when q is divided by w?
0
Let i = -70 - -104. Let w be (5/(-1))/(-1*1). Suppose 3*h + 3*v - 42 - 162 = 0, -h = -w*v - 56. Calculate the remainder when h is divided by i.
32
Suppose -k = -2*g - 134, -2*k + 64*g - 63*g + 274 = 0. Calculate the remainder when k is divided by 37.
27
Let t(j) = 2*j**3 - 102*j**2 - 100*j + 74. What is the remainder when t(52) is divided by 26?
22
What is the remainder when (-22 + 23)*(0 - -1091) is divided by 156?
155
Let d(n) = -725*n - 6516. Suppose p - 32 = -r - p, -4*p + 88 = 3*r. What is the remainder when r is divided by d(-9)?
6
What is the remainder when 1319 is divided by (-90)/(-14)*(-17 - -24)?
14
Let b = 1 - 5. Let n be (2/(-6))/(b/36). Suppose -n*d + 5*d + 5*o = 56, 0 = -3*d + 4*o + 130. Calculate the remainder when d is divided by 20.
18
Let y(m) = m**3 - 3*m**2 - 7*m - 10. Let i be y(5). Suppose i*r = 911 - 186. What is the remainder when r is divided by 40?
25
Suppose -4*p + 268 = -4*l, p - 72 = -2*l - 20. Suppose 62*f - 827 = 365 + 172. What is the remainder when p is divided by f?
18
Suppose 0 = -2*j - 3*k + 54, -4*j - 30*k + 104 = -26*k. Suppose -p - p = 2*z - 24, 1 = -p. Calculate the remainder when j is divided by z.
11
Calculate the remainder when ((-24)/80*-25 + -9)*45340/(-3) is divided by 26.
24
Let f = -43 - -45. Suppose -3*y + f*w + 32 = -y, -4*w + 35 = 5*y. Suppose -6*v = -y*v + 85. What is the remainder when 66 is divided by v?
15
Let s(j) = j**3 - 6*j**2 + j + 52. Calculate the remainder when 434 is divided by s(6).
28
Suppose -2*b - 3*o - o = 4, -3 = -2*b + 3*o. Suppose b = 7*t + 2*t - 540. Calculate the remainder when 174 is divided by t.
54
Suppose 116 = 8*s + 1556. Let f = s - -325. Let u(g) = -2*g**3 + g**2 - g - 1. What is the remainder when f is divided by u(-2)?
19
Let u(x) = x + 1. Let k be u(-1). Suppose 0*l = 5*o + 2*l - 40, -5*o - 5*l + 40 = k. Suppose 0 = -4*h + 3*h + 23. What is the remainder when h is divided by o?
7
Let i = -1866 - -1923. Calculate the remainder when 398 is divided by i.
56
Let m = 20 - 10. Suppose 0 = -s + 5*h + 280, -m*s + 7*s + 2*h + 801 = 0. What is the remainder when s is divided by 7?
6
Let s = 2046 + -2049. Let k(f) = -6 - 10 - 5*f - 14*f.